r be u(9). Give k(r).
-1
Let z(h) be the first derivative of h**2 - h - 81. What is z(-1)?
-3
Suppose -2*r - 33 = -5*o, -3*r + 3*o - 40 + 4 = 0. Let z(c) = -c - 16. What is z(r)?
-7
Let l(o) = 85 - 85 + 5*o. Suppose -4*w - 10 = 5*d, d - 2*w + 0*w - 12 = 0. Give l(d).
10
Let m(h) be the first derivative of -25*h**2/2 - 2*h - 31. Determine m(-2).
48
Let p(t) = 1 - t**2 + 89*t - 88*t - 1. Give p(3).
-6
Let i(b) be the third derivative of b**7/840 - b**6/240 + b**5/60 - 31*b**4/24 + 23*b**2. Let t(l) be the second derivative of i(l). What is t(2)?
8
Let v be 0/((18 - -6)/(-12)). Let f(l) = l - 42. Give f(v).
-42
Let d(z) = z**2 - 4*z + 5. Let l = -35 + 34. Let y be (2 + (2 - l))/1. Determine d(y).
10
Let k(s) be the first derivative of s**3/3 + 4*s**2 + 4*s - 68. Calculate k(-10).
24
Suppose 0 = 2*o + 2*o + 8. Let a be 1*(0/(-3) - o). Let q(v) = 2*v + v**2 + 2*v**a - 7*v + v + 2. Give q(2).
6
Suppose 9*c - 4*c - 45 = 0. Suppose c*z = 4*z + 3*g + 90, -4*z + 3*g = -75. Suppose 0*v = 3*v - z. Let x(l) = -2*l**2 + 6*l + 6. Determine x(v).
-14
Let s(h) = -h**3 + 9*h**2 + h - 5. Let p be s(9). Let r be (-6)/p + 3/2. Let c(o) = -4*o - 4 + r*o - 3*o + 5*o. Give c(-5).
6
Let g(x) = x - 8. Suppose 4*d - v - v - 48 = 0, -2*d - 2*v = -30. Calculate g(d).
5
Let r = -18 - -12. Let t = r + 2. Let a(v) = v**3 - 2*v**3 + 5 - 3*v - 34*v**2 + 29*v**2. Give a(t).
1
Let i = -66 + 102. Suppose k = -3*z - 2*z + 3, 4*k - 4*z + i = 0. Let w(m) = 4 + 2*m + 3 + 3. Calculate w(k).
-4
Let x(q) = 5*q - 16*q + 2*q. What is x(-1)?
9
Let t(f) = -f**2 + 9*f + 1. Let q be (-64 - -70)*(0 - 5/(-3)). Give t(q).
-9
Let j(x) be the first derivative of -x**3/3 - 3*x**2/2 - 3*x + 377. Determine j(-5).
-13
Let j = -207 + 209. Let u(o) = 2*o**2 + 4*o - 5. Determine u(j).
11
Suppose -j - 32 = -2*y, 2*y = -3*j - 2*y - 66. Let q = -19 - j. Let i(n) = -2*n + n + 2 - 5. Calculate i(q).
-10
Suppose 100 = 4*a + 24. Let w = 20 - a. Let f(g) = -4*g - 2 + 5*g**2 + g**3 + w - 5. Calculate f(-5).
14
Let m = 160 + -157. Let b(o) = 0 + 11 - 1 - m*o - 3 + o**2. Determine b(5).
17
Let v(n) = -9*n + 15. Let i(o) = 4*o - 7. Suppose 4 = -w + 1. Let l(x) = w*v(x) - 7*i(x). Suppose -88*f = -93*f. What is l(f)?
4
Let t(f) = f**3 + 7*f**2 + 6*f + 4. Let m = -9 + 11. Suppose -28 = 5*g + m. What is t(g)?
4
Let l(i) = i**2 + 4*i + 7. Let t be l(-3). Suppose 5*r = t*y - 15, y + 3*y + 3*r + 9 = 0. Let q(c) = -c**2 + 2. Give q(y).
2
Let b = -1917 + 1912. Let j(g) = -3*g - 6. Give j(b).
9
Let u(s) = -s**3 - 4*s**2 + s - 24. Let g be -25*4/(-140)*-7. What is u(g)?
-4
Let q(g) be the third derivative of -g**6/12 + g**5/60 + g**4/12 + g**3/6 - 7*g**2 + 1. What is q(-1)?
10
Let i(o) = -2*o**2 - 20*o - 11. Let m be (-7 + (-272)/(-32))/((-2)/12). Determine i(m).
7
Let r(y) = 5*y**3 - 4*y**2 + 20*y + 98. Let j(t) = -9*t**3 + 8*t**2 - 39*t - 182. Let n(s) = -6*j(s) - 11*r(s). Determine n(-6).
2
Let b(r) = -13*r**2 + r - 1. Let s = -110 + 111. Give b(s).
-13
Let k(q) = -q**3 - 4*q**2 - 2*q - 1. Let l = 0 + -4. Let i be k(l). Let o(u) = 7 - 3*u**3 + i*u + 0*u**3 + 8*u**2 + 4*u**3. What is o(-7)?
7
Let d be 2 + -15*(-15)/9. Let s(o) = -o**2 + 27*o. Give s(d).
0
Let m be (-1)/(-4)*0 - 9. Let d(k) = -10 + 0 - 2*k - 2. Determine d(m).
6
Let a(y) = y + 19. Let i be a(-9). Let l(x) = x**3 - 10*x**2 + 3. Give l(i).
3
Let l(g) = 36*g**3 + g**2 - 1. Let r(f) = 4*f + 9. Let b be r(-2). Calculate l(b).
36
Let u(g) = -g**2 - 8*g - 5. Let k = 50 - 55. Calculate u(k).
10
Let i(v) = -12*v + 6. Let p(w) = -24*w + 11. Let k(g) = -5*i(g) + 3*p(g). Give k(4).
-45
Let w(n) = n**2 + 3*n. Suppose 3*l = 3*q - 9, 0 = 6*l - 5*l - 5*q + 19. Suppose -4*s + 7*s = -12. Let c = l + s. Determine w(c).
0
Let p(y) = -3*y + 7. Let c be ((-399)/(-76))/((-3)/4). What is p(c)?
28
Let l(z) = -z**3 + z**2 + z - 2. Let o(a) = 1 + 0*a + a + 1. Let f be o(0). Suppose i = 2*w - f, 0*i + w + 6 = 4*i. What is l(i)?
-4
Let c(j) = -j**3 + 4*j**2 - 1. Suppose 23*r = 9*r + 28. Calculate c(r).
7
Let h(n) = -3*n**2 + 6*n - 5. Let s be 24/(-56) + (-100)/(-70). Give h(s).
-2
Let f(n) = n**2 + 10*n + 1025 - n - 1033. What is f(-9)?
-8
Let d(t) = t - 3. Let c(n) = -4*n + 2. Let z(p) = 4*c(p) + 3*d(p). Determine z(-1).
12
Suppose 3*a = -2*l + 2*a + 11, 0 = -3*l + 3*a - 6. Let o = l - 1. Let f(y) = -9*y + 1. Let m(u) = 11*u - 1. Let g(x) = 7*f(x) + 6*m(x). Give g(o).
7
Suppose 4*u + 8 = -0. Let k(p) = -7*p. Let o(n) = -13*n - 2. Let l(w) = -350*w - 55. Let v(j) = 2*l(j) - 55*o(j). Let b(g) = 7*k(g) + 3*v(g). Determine b(u).
8
Let y(w) be the second derivative of w**8/6720 + w**6/720 + w**5/120 + 49*w**4/12 + w**3/3 + 21*w. Let t(o) be the third derivative of y(o). Calculate t(0).
1
Suppose 7 = -4*k + 2*s - 9, -5*k - 7 = 4*s. Let u(x) = x**3 + x**2 + 3*x + 4. Determine u(k).
-23
Suppose -c = -8 + 2. Let f(i) = 9*i**3 - 14*i**2 - 23*i + 1. Let j(s) = 5*s**3 - 7*s**2 - 12*s + 1. Let g(x) = c*f(x) - 11*j(x). Give g(-6).
-5
Let b(s) = s**2 - 4*s - 2. Let u(t) = 2*t**2 - 14*t - 1. Let z(q) = 2*b(q) - 2*u(q). Give z(10).
-2
Let u(p) = p**3 + 5*p**2 + 2. Let q = -877 + 873. Calculate u(q).
18
Suppose 44 = -7*r + 2. Let i(a) = -a**3 - a**2 + a + 12. Let z(s) = -2*s**3 - s**2 + 3*s + 25. Let f(d) = -13*i(d) + 6*z(d). Calculate f(r).
0
Let j(i) = -9*i**3 + 3*i**2 + 7*i - 9. Let b(s) = 5*s**3 + 5 - 8*s**2 + 13*s**2 - 6*s**2 - 4*s. Let y(a) = -7*b(a) - 4*j(a). Determine y(5).
1
Let f(p) = p**3 + 26*p**2 + 123*p + 13. Let i be f(-6). Let g(q) be the second derivative of -q**3/6 - 3*q**2 - q. Calculate g(i).
-1
Let w(z) be the second derivative of z**3/6 - z**2/2 - 11*z. Let i(k) = -k**3 - k**2 - 6. Let b be i(0). Let l be ((-8)/(-6))/(b/27). What is w(l)?
-7
Suppose 2*x + 6 = c + 2*c, 0 = 5*c + 3*x - 10. Let h(o) be the second derivative of 0*o**c - 1/6*o**4 - 1/3*o**3 + 1/20*o**5 + 0 - o. Calculate h(3).
3
Let o(z) be the third derivative of -z**5/20 + z**4/12 - z**3/2 + 2*z**2 + 2*z. Determine o(2).
-11
Let t(o) = -o**2 + o. Let w(r) = -3*r**2 + 2*r - 4. Suppose -2*a = 5*v + 3*a + 40, 0 = 5*v + 4*a + 37. Let s(l) = v*t(l) + w(l). What is s(3)?
5
Let p(k) = -5*k**2 + k. Let m = 241 + -239. Give p(m).
-18
Suppose -19 = -x - 5*p, -5*x + p = 2*p + 25. Let i = x - -5. Let f be (-296)/(-48) - i/(-6). Let n(q) = -2*q + 7. Give n(f).
-5
Let w = -53 + 43. Let h(q) = -q**3 - q**2. Let i(p) = -3*p**3 + 7*p**2 + 10*p - 2. Let n(x) = 4*h(x) - i(x). Determine n(w).
2
Let r(l) = l - 18. Suppose 5*j = 2*t - 12, 2*j + 3*j = t - 11. Let i(f) = 3*f + 5. Let x be i(t). What is r(x)?
-10
Let y(c) = c**3 - 4*c**2 + 2*c + 4. Let m(k) = 65*k**2 - 72*k**2 + 3*k + 2*k**3 - 6 + 13. Let r(q) = 2*m(q) - 5*y(q). Let h be 34/6 + (-4)/6. Give r(h).
-1
Suppose -3*c + 18 = -2*o, -3*o = o. Let u(k) = -23 + 5 + 7 + 2*k + c. Give u(6).
7
Let x(h) be the first derivative of -h**3/3 + 3*h**2 - 198. Determine x(3).
9
Let k(z) be the second derivative of 1/2*z**2 + 9*z - 1/20*z**5 + 0 + 1/4*z**4 + 1/2*z**3. What is k(-2)?
15
Let x(n) = n**2 - 5*n - 3. Suppose m - 12 = 3. Let r = 15 - 24. Let a = r + m. What is x(a)?
3
Suppose 2*w - 28 = 7*c - 2*c, 0 = 3*c + 3*w. Let i(k) be the first derivative of k**2/2 - 3*k + 3. Determine i(c).
-7
Let l(w) = 48*w**2 + 1 + 54*w**2 + 88*w**2 - 186*w**2. Let q = 3 - 1. Let i be 2/4*q - 2. Give l(i).
5
Let v(u) = -13 + u - u**2 + 6*u + 0*u + 5. Let i(p) = 2*p + 2. Let h be i(-2). Let a(d) = d**2 + 2. Let f be a(h). What is v(f)?
-2
Suppose -5*r + d + 2*d + 12 = 0, -3*d = 2*r - 9. Let f(o) = o + 4 - r - 5*o - 14*o. What is f(1)?
-17
Let g be (-6)/78 + -19*10/65. Let z(j) = -3*j - 7. Determine z(g).
2
Let d(u) be the third derivative of u**8/20160 - u**7/1680 + u**6/180 + 3*u**5/20 + u**2. Let p(z) be the third derivative of d(z). Calculate p(4).
8
Suppose 0 = -7*s + 9*s - 84. Let t be ((-111)/12)/(2/(-8)). Let a = s - t. Let j(c) = -c**2 + 6*c - 5. What is j(a)?
0
Suppose q = -q. Let l(v) = q + v + 0*v - 4. Suppose 10 = -5*h + 5*i, i = 2*h - 0 + 6. Give l(h).
-8
Suppose -13 = -3*t - 4. Suppose t*k = 5*c - 20, -2*k = 3*c - 15 + 3. Let f(v) be the second derivative of -v**3/2 + 2*v**2 + v. Determine f(c).
-8
Let k(t) = 2*t + 2. Let b = 133 - 132. Calculate k(b).
4
Let m(f) = -f**2 - 13*f + 11. Let d(k) = -k**2 - 7*k + 6. Suppose 0 = 4*z + 5*o + 45, 0*z = -5*z + 2*o - 15. Let b(s) = z*d(s) + 3*m(s). Give